st common factor of s and u.
3
Suppose -16 = x - 0*x. Let j be (x/(-24))/((-1)/(-84)). What is the highest common factor of j and 7?
7
Let l(j) = -j + 14. Let a be l(7). Calculate the greatest common factor of 7 and a.
7
Suppose -n + 63 = -5*h, 0 = 3*n - 4*h - 3 - 186. What is the greatest common factor of n and 9?
9
Let r be 564/(-10) + 6/(-10). Let a be -2*(1 + 198/(-4)). Let j = a + r. Calculate the greatest common divisor of j and 8.
8
Suppose 17 - 11 = 3*t. Suppose -4*b - 26 = -4*x - 66, 5*b = x + 42. What is the greatest common factor of b and t?
2
Suppose p - 10 = -p. Suppose -p*j + 186 = 36. Calculate the highest common factor of 75 and j.
15
Suppose 460 = -9*q + 13*q. Calculate the highest common factor of 46 and q.
23
Suppose 5 = 3*q - 1. Let a = 6 - q. What is the greatest common divisor of a and 32?
4
Let k be 2/7 + (-36)/(-21). Suppose 0 = -c + k*c - 27. Let y be 20 - (4 - 4 - -2). Calculate the greatest common factor of y and c.
9
Suppose -3*t + 0 - 14 = -4*i, -3*i - 2*t + 2 = 0. Suppose -i*z + 52 = -p - 3*p, 68 = 4*z + p. Calculate the greatest common divisor of 126 and z.
18
Let a be 16/56 - 9746/7. Let o be 6/(-21) + a/(-21). What is the highest common divisor of o and 6?
6
Suppose -16*m = -13*m - 567. What is the highest common divisor of m and 21?
21
Let t(s) = s**2 + 7*s + 1. Suppose 3*a - 4*y + 8 = -16, -a - 2*y = 8. Let g be t(a). Suppose 89 = 5*f - 91. Calculate the greatest common factor of g and f.
9
Let j(s) = s**3 - s**2 - 9*s + 13. Let c be j(5). Calculate the highest common factor of 17 and c.
17
Let p = 83 + -55. Suppose -4*h - 52 - p = -3*a, -2*h + 70 = 4*a. What is the greatest common factor of 160 and a?
20
Let b be 444/(-8)*4/(-6). Let s be (4 + -5)*b*-1. Let w = -25 + s. What is the greatest common divisor of 8 and w?
4
Let z(w) be the first derivative of -w**2/2 - 2*w - 4. Let i be z(-6). Suppose 2*g = -i, -4*g + 11 = 3*r - 5*g. Calculate the highest common divisor of r and 2.
1
Suppose 5*w + 237 = 4*b - 318, 4*b - 552 = 4*w. Suppose 3*p + 2*c - 49 = 3*c, 12 = -3*c. Calculate the greatest common factor of b and p.
15
Let s be 4 + (-4)/((-8)/(-6)). Let k be (-2 - 0) + 0 + 3. Let u be (s - 10)*(-6 + k). Calculate the highest common factor of 15 and u.
15
Let m(h) = 8*h**3 - h**2 + 2*h - 1. Let z(o) = o**2 + 6*o + 1. Let y be z(-6). Let i be m(y). What is the highest common factor of i and 4?
4
Suppose 0*w - 260 = 2*w - 5*n, 2*n = 2*w + 248. Let u = w - -219. What is the greatest common divisor of u and 9?
9
Let m be 20/6*(-6)/(-5). Suppose -1 + 21 = m*k. Suppose -3*u + 8 = u, 223 = k*g - u. Calculate the greatest common divisor of g and 30.
15
Let u(r) = -r**3 + 4*r**2 + 8*r - 6. Suppose 0 = c - 2*y + 3*y - 3, -3*c + 2*y = -19. Let v be u(c). What is the greatest common factor of v and 45?
9
Suppose 4*d - 13 = -5. Let u be 12/(-8) - (-38)/4. Calculate the greatest common divisor of u and d.
2
Suppose 3*z = 5*p - 69, -3*p - 2*z + 55 = 3*z. Let b = -21 + p. Let o be ((-4)/b)/(2/360). Calculate the greatest common divisor of o and 15.
15
Let s = 127 - 83. What is the highest common factor of 66 and s?
22
Suppose 2*r = -3*x + 4*r + 47, -3*x + 40 = 5*r. Suppose -3*g - 9 = -4*t, -4 = 5*t - g - 18. Suppose t*w = w + 6. What is the highest common divisor of w and x?
3
Let y(q) = -q**2 - 19*q - 13. Let j be y(-11). Let h(v) = 2*v - 1. Let r be h(3). Suppose -67 = -r*a + 83. Calculate the highest common factor of j and a.
15
Let t(z) = -z**3 + z**2 + 2*z - 5. Let y be t(-3). What is the highest common divisor of 200 and y?
25
Suppose 5*g = -5*c + 75, 2*c - c - 87 = -5*g. What is the highest common divisor of 2 and g?
2
Suppose 2*r = 2*p + r - 5, -3*p + 35 = 4*r. Let h be 45 - 0/((-3)/1). What is the highest common factor of h and p?
5
Let t(w) = w**2 + 5. Let b be t(7). What is the greatest common factor of b and 36?
18
Let z(p) = 9*p**2 - 2*p + 1. Let j be z(1). Suppose i - 16 = j. Suppose -b - b = -i. What is the highest common factor of b and 24?
12
Let f(j) = 2*j**2 - 1. Let g be f(1). Calculate the greatest common divisor of g and 5.
1
Suppose -5*w = 7 + 3, -4*j = 5*w - 342. Calculate the highest common factor of j and 22.
22
Let i(p) = -p**2 + 2*p + 15. Let g be i(0). What is the highest common divisor of g and 3?
3
Suppose 0 = -4*w + 5*u - 8, -w = -0*w - u + 1. Suppose 0 = -2*o - y + w + 43, y + 2 = 0. What is the highest common divisor of 16 and o?
8
Let o = -108 + 124. What is the highest common factor of o and 56?
8
Let x(v) = -9*v**3 + 2*v**2 + 2*v + 1. Let o be x(-1). Suppose -3*c = -7*c + 16. Let d be (c*-5)/((-2)/3). Calculate the greatest common factor of d and o.
10
Let g = -80 + 138. What is the greatest common factor of 145 and g?
29
Suppose -3*b + 2 = -1. Suppose 0 = -4*w - x - 2*x + 17, -5*w + 3*x + b = 0. Suppose -w*i = -9 - 55. Calculate the highest common factor of i and 80.
16
Let o be 5/(-15) + 92/6. Calculate the greatest common divisor of o and 15.
15
Let v be ((0 - 0)/(-2))/1. Suppose v = -x - 4*x + 35. Let a(i) = -11*i + 1. Let l be a(-5). What is the highest common factor of l and x?
7
Suppose 3*m + 5 = 20. Let i be (m + 1)/((-2)/(-5)). What is the greatest common divisor of i and 90?
15
Suppose -k - 4*r + 21 = 0, -2*k + 13 + 40 = -3*r. What is the highest common factor of 200 and k?
25
Let s(p) = -2*p**3 - 15*p**2 - 9*p + 14. Let x be s(-7). What is the highest common factor of x and 308?
28
Let y be 4/(-2) + -1 - -3. Suppose 2*v - 160 - 20 = y. What is the greatest common divisor of 18 and v?
18
Let x be ((-21)/(-4))/(6/16). Suppose -3 = -4*q + 5. Calculate the greatest common factor of x and q.
2
Suppose 4*u - p - 27 = 0, -u - 2*p = -6*u + 30. Suppose 5*j = 4*d - u, -2*d + 3 = -5*j - 1. Let v be 2/4 + 13/d. What is the greatest common factor of v and 63?
7
Let z be (9/(-2))/((-2)/4). Let p = -3 + 5. Let j be 101 + p*(-3)/3. What is the highest common factor of z and j?
9
Let p = -14 - -16. Let f(z) = 4*z - 4. Let r be f(4). Suppose m - 4*t - r = -3*m, 4*t + p = 2*m. What is the highest common factor of m and 10?
5
Let y = 7 - 4. Suppose 2*w - 3*v - 65 = -21, -4*w - y*v + 52 = 0. Calculate the highest common divisor of 4 and w.
4
Let d be (-6 - -3) + -3 + 16. Let s be (-654)/(-26) + 2/(-13). Calculate the greatest common divisor of d and s.
5
Suppose 3*p + 10 = 5*w, -2*w = 2*p - 6*w + 10. Calculate the highest common divisor of 5 and p.
5
Let z be 3*(8/(-6))/2. Let v be (1 - z)*(2 - -1). Let d(j) = j**3 + 7*j**2 - 4*j + 8. Let g be d(-7). Calculate the highest common divisor of v and g.
9
Suppose -5*z = 5*y - 20, 12 = 2*y + 2*y + 2*z. Suppose 29 = 4*l - g, -5*l + 0*g + 40 = -y*g. Let c = 108 - 60. Calculate the highest common divisor of l and c.
6
Let l = -27 + 49. What is the greatest common factor of l and 33?
11
Let n be ((-8)/3 + -1 + 4)*45. Calculate the greatest common divisor of n and 6.
3
Let o(u) = 14*u + 3. Let p be o(-2). Let m be (28/(-5))/(2/p). Calculate the greatest common divisor of 10 and m.
10
Let n(h) = h**2 + 2*h + 2. Let x be n(0). Let g be 8/3*6/4. Let m be (g*11)/2 + x. Calculate the highest common factor of m and 12.
12
Let f(g) = 4*g**2 + 9*g - 4. Let z be f(-4). Calculate the greatest common divisor of 216 and z.
24
Let a be 10/(-4)*(-192)/30. Calculate the highest common divisor of a and 2.
2
Suppose -2*p = 3*p - 3*n - 1320, -4*p - 5*n = -1056. What is the highest common divisor of 24 and p?
24
Suppose -180 = -3*b + 33. Suppose b = 3*r - 1. Suppose -y + 5*l = 4*y - 315, 0 = 5*y - l - 303. What is the highest common factor of r and y?
12
Suppose -36 = 2*d - 5*d. What is the highest common factor of d and 24?
12
Suppose -p + 6 = 2*p. Suppose -2*t + 4 = -0*t. Suppose -3*x = -5*n - t, 3*n - x = 2 - 0. Calculate the greatest common divisor of p and n.
2
Let k = 6 - -59. What is the greatest common divisor of k and 26?
13
Let s = -35 - -18. Let t = s + 31. Suppose 4*q = 3*q - v + t, -5*q + 5*v + 40 = 0. What is the greatest common factor of q and 33?
11
Let v(w) = -w**2 - 7*w - 7. Let i be v(-5). Suppose -i*k - p = -92, -10 = -7*p + 2*p. Calculate the highest common divisor of k and 210.
30
Suppose 0 = m - 11 - 19. Calculate the greatest common divisor of m and 45.
15
Let l = 2 - -38. What is the greatest common factor of l and 10?
10
Let t = -7 + 11. Let p = 16 